ousands digit of 23976292?
6
What is the units digit of 70876839?
9
What is the ten thousands digit of 19130076?
3
What is the hundred thousands digit of 895697?
8
What is the hundred thousands digit of 4099888918?
8
What is the hundreds digit of 146277399?
3
What is the millions digit of 88474294?
8
What is the hundreds digit of 57131615?
6
What is the thousands digit of 625072436?
2
What is the ten thousands digit of 72677181?
7
What is the ten thousands digit of 90064389?
6
What is the ten millions digit of 144919505?
4
What is the tens digit of 9660633?
3
What is the hundreds digit of 35142565?
5
What is the tens digit of 246856529?
2
What is the tens digit of 105460416?
1
What is the units digit of 25665144?
4
What is the tens digit of 16105610?
1
What is the tens digit of 218499014?
1
What is the thousands digit of 42872639?
2
What is the ten thousands digit of 36478244?
7
What is the hundred thousands digit of 221853676?
8
What is the tens digit of 830656652?
5
What is the hundred thousands digit of 29152346?
1
What is the millions digit of 64618911?
4
What is the units digit of 3676975473?
3
What is the units digit of 80011752?
2
What is the ten millions digit of 35188504?
3
What is the units digit of 342099699?
9
What is the hundred millions digit of 1491494562?
4
What is the hundred thousands digit of 311554792?
5
What is the billions digit of 2516173660?
2
What is the hundred millions digit of 1532688889?
5
What is the ten thousands digit of 20951346?
5
What is the thousands digit of 15400908?
0
What is the hundreds digit of 819249681?
6
What is the ten thousands digit of 390830426?
3
What is the billions digit of 4329575676?
4
What is the units digit of 643046755?
5
What is the ten thousands digit of 45082920?
8
What is the hundred millions digit of 296403900?
2
What is the ten millions digit of 127853762?
2
What is the ten thousands digit of 701812528?
1
What is the hundred thousands digit of 721622103?
6
What is the hundred thousands digit of 1757207199?
2
What is the hundreds digit of 1949789813?
8
What is the hundred millions digit of 121415686?
1
What is the hundred millions digit of 252153101?
2
What is the tens digit of 21705625?
2
What is the tens digit of 947282332?
3
What is the hundred thousands digit of 13423164?
4
What is the ten millions digit of 789045507?
8
What is the tens digit of 5102388?
8
What is the thousands digit of 4353719474?
9
What is the ten millions digit of 116281015?
1
What is the ten millions digit of 58212653?
5
What is the tens digit of 155359115?
1
What is the thousands digit of 1126840403?
0
What is the hundreds digit of 2017492528?
5
What is the tens digit of 266644234?
3
What is the hundreds digit of 2396030595?
5
What is the thousands digit of 74024946?
4
What is the ten millions digit of 397258272?
9
What is the hundreds digit of 199434714?
7
What is the tens digit of 123410831?
3
What is the thousands digit of 15305943?
5
What is the hundred thousands digit of 5862954722?
9
What is the hundred thousands digit of 960136091?
1
What is the thousands digit of 977457440?
7
What is the tens digit of 1612999490?
9
What is the millions digit of 3661515980?
1
What is the hundred millions digit of 2274847298?
2
What is the thousands digit of 117917342?
7
What is the millions digit of 76194990?
6
What is the billions digit of 2376813673?
2
What is the units digit of 1505012068?
8
What is the millions digit of 636949301?
6
What is the hundreds digit of 1859993?
9
What is the units digit of 1960109927?
7
What is the thousands digit of 320580481?
0
What is the units digit of 1335530547?
7
What is the ten thousands digit of 939104069?
0
What is the hundreds digit of 2328215554?
5
What is the hundred thousands digit of 3589865905?
8
What is the millions digit of 1584910852?
4
What is the hundred thousands digit of 213769038?
7
What is the tens digit of 140455889?
8
What is the units digit of 219587058?
8
What is the hundred thousands digit of 10335682?
3
What is the hundreds digit of 44259442?
4
What is the hundred thousands digit of 3935043?
9
What is the hundred thousands digit of 1156502835?
5
What is the tens digit of 2432767244?
4
What is the thousands digit of 34969?
4
What is the hundred millions digit of 449786705?
4
What is the units digit of 205740375?
5
What is the millions digit of 681257922?
1
What is the thousands digit of 56424883?
4
What is the ten millions digit of 386108961?
8
What is the hundreds digit of 293188470?
4
What is the billions digit of 1193432425?
1
What is the millions digit of 739379682?
9
What is the thousands digit of 86165187?
5
What is the ten millions digit of 1484608852?
8
What is the ten millions digit of 86038733?
8
What is the ten thousands digit of 3026188916?
8
What is the ten millions digit of 117930583?
1
What is the hundred thousands digit of 3977079604?
0
What is the units digit of 1267355540?
0
What is the units digit of 215661962?
2
What is the tens digit of 450103539?
3
What is the hundred millions digit of 1705615752?
7
What is the hundred millions digit of 181077608?
1
What is the hundred millions digit of 2786930615?
7
What is the millions digit of 26786892?
6
What is the tens digit of 382292?
9
What is the hundred thousands digit of 82218915?
2
What is the hundred millions digit of 2683997357?
6
What is the units digit of 457504105?
5
What is the hundred millions digit of 3526344543?
5
What is the millions digit of 1841397306?
1
What is the millions digit of 68776543?
8
What is the millions digit of 3627671924?
7
What is the units digit of 8026607532?
2
What is the thousands digit of 81021324?
1
What is the hundred thousands digit of 33890072?
8
What is the tens digit of 6752509629?
2
What is the ten thousands digit of 63673111?
7
What is the units digit of 830688990?
0
What is the tens digit of 18583749?
4
What is the hundred thousands digit of 2969118153?
1
What is the hundred thousands digit of 22425666?
4
What is the ten millions digit of 74642778?
7
What is the units digit of 1375592625?
5
What is the hundreds digit of 10452628?
6
What is the thousands digit of 3035985194?
5
What is the hundred millions digit of 362583090?
3
What is the millions digit of 3933680063?
3
What is the hundreds digit of 4501780216?
2
What is the ten thousands digit of 35941290?
4
What is the hundred thousands digit of 4427559082?
5
What is the millions digit of 162598406?
2
What is the units digit of 38486164?
4
What is the hundred thousands digit of 59769647?
7
What is the millions digit of 36124090?
6
What is the thousands digit of 13298202?
8
What is the ten millions digit of 614089437?
1
What is the millions digit of 1918408329?
8
What is the units digit of 56048448?
8
What is the tens digit of 179886408?
0
What is the hundreds digit of 826387284?
2
What is the tens digit of 11540954?
5
What is the ten millions digit of 206652566?
0
What is the hundreds digit of 2231174952?
9
What is the hundred thousands digit of 19394677?
3
What is the hundreds digit of 323473507?
5
What is the hundreds digit of 460504049?
0
What is the tens digit of 9876996?
9
What is the thousands digit of 53259335?
9
What is the millions digit of 51757753?
1
What is the hundred millions digit of 243375226?
2
What is the units digit of 40229135?
5
What is the hundreds digit of 5897460518?
5
What is the thousands digit of 86135908?
5
What is the ten millions digit of 14537488?
1
What is the units digit of 3639744464?
4
What is the millions digit of 6885922646?
5
What is the ten thousands digit of 59459080?
5
What is the ten millions digit of 3577407630?
7
What is the hundreds digit of 1963570129?
1
What is the tens digit of 114388102?
0
What is the thousands digit of 1125448881?
8
What is the tens digit of 1335625396?
9
What is the ten thousands digit of 1816700968?
0
What is the tens digit of 37891133?
3
What is the thousands digit of 85575350?
5
What is the ten thousands digit of 3093183035?
8
What is the hundreds digit of 630010456?
4
What is the millions digit of 6589820461?
9
What is the tens digit of 287604134?
3
What is the hundred thousands digit of 176862449?
8
What is the ten thousands digit of 196496747?
9
What is the hundreds digit of 427287625?
6
What is the tens digit of 1339846